culate the highest common divisor of 16 and 464.
16
What is the greatest common divisor of 1922 and 1054?
62
Calculate the greatest common divisor of 62 and 806.
62
What is the highest common divisor of 36 and 20?
4
Calculate the highest common divisor of 68 and 272.
68
What is the greatest common divisor of 1003 and 136?
17
What is the highest common divisor of 44 and 5258?
22
What is the highest common divisor of 17 and 323?
17
What is the highest common factor of 288 and 6?
6
Calculate the highest common factor of 24 and 224.
8
Calculate the highest common factor of 168 and 448.
56
What is the greatest common divisor of 183 and 15?
3
What is the highest common divisor of 561 and 33?
33
What is the greatest common factor of 204 and 165?
3
Calculate the highest common factor of 123 and 123.
123
What is the greatest common divisor of 483 and 2373?
21
What is the greatest common factor of 6517 and 19?
19
Calculate the highest common divisor of 65 and 15.
5
What is the greatest common divisor of 13 and 1651?
13
Calculate the greatest common factor of 5969 and 47.
47
What is the greatest common divisor of 48 and 128496?
48
What is the greatest common divisor of 2134 and 44?
22
What is the highest common divisor of 1206 and 18?
18
What is the greatest common divisor of 18 and 6516?
18
Calculate the greatest common factor of 34692 and 147.
147
Calculate the greatest common factor of 216 and 81.
27
What is the highest common divisor of 2748 and 84?
12
What is the greatest common factor of 106 and 901?
53
What is the greatest common divisor of 335 and 35?
5
Calculate the highest common divisor of 26167 and 137.
137
Calculate the highest common factor of 141 and 2.
1
What is the highest common factor of 134 and 14137?
67
What is the highest common factor of 116 and 6351?
29
Calculate the highest common factor of 39 and 104.
13
Calculate the highest common divisor of 22 and 121.
11
Calculate the highest common divisor of 224 and 32.
32
Calculate the highest common divisor of 63505 and 65.
65
Calculate the greatest common factor of 36 and 612.
36
What is the greatest common divisor of 6608 and 28?
28
Calculate the greatest common factor of 37 and 1332.
37
Calculate the greatest common factor of 5 and 1055.
5
What is the highest common factor of 13 and 858?
13
Calculate the highest common divisor of 434 and 35.
7
Calculate the highest common divisor of 511 and 219.
73
What is the greatest common factor of 88 and 33?
11
Calculate the highest common factor of 76 and 8170.
38
Calculate the greatest common divisor of 2684 and 308.
44
What is the highest common divisor of 370 and 148?
74
Calculate the highest common divisor of 39 and 1131.
39
What is the highest common divisor of 11466 and 630?
126
What is the greatest common divisor of 25648 and 112?
112
Calculate the highest common factor of 155 and 565.
5
Calculate the greatest common factor of 10 and 370.
10
Calculate the highest common divisor of 105 and 60.
15
Calculate the highest common factor of 17 and 51323.
17
Calculate the highest common divisor of 2727 and 1919.
101
Calculate the greatest common divisor of 9 and 171.
9
Calculate the highest common factor of 392 and 16.
8
What is the highest common divisor of 8 and 3592?
8
Calculate the greatest common divisor of 11653 and 43.
43
What is the greatest common factor of 14 and 854?
14
What is the greatest common factor of 136 and 102?
34
What is the highest common divisor of 196 and 21?
7
What is the greatest common factor of 4 and 4796?
4
Calculate the greatest common divisor of 4 and 424.
4
Calculate the highest common factor of 43 and 1.
1
What is the greatest common divisor of 1311 and 621?
69
What is the greatest common divisor of 180 and 260?
20
What is the greatest common divisor of 5520 and 322?
46
What is the greatest common factor of 608 and 32?
32
Calculate the highest common factor of 10 and 25.
5
What is the greatest common factor of 35 and 455?
35
What is the greatest common divisor of 13664 and 672?
224
Calculate the greatest common factor of 8 and 2.
2
Calculate the greatest common factor of 2 and 254.
2
Calculate the highest common factor of 30 and 213.
3
What is the highest common factor of 12 and 32?
4
What is the greatest common divisor of 20 and 2260?
20
Calculate the greatest common factor of 40 and 1160.
40
Calculate the highest common factor of 79 and 1027.
79
Calculate the highest common factor of 56560 and 14.
14
Calculate the highest common factor of 25 and 580.
5
Calculate the highest common divisor of 22151 and 17.
17
Calculate the highest common factor of 35 and 2905.
35
Calculate the greatest common divisor of 630 and 18.
18
What is the highest common divisor of 18 and 18?
18
What is the greatest common factor of 128 and 160?
32
What is the greatest common divisor of 60 and 72?
12
What is the greatest common divisor of 102 and 12444?
102
Calculate the highest common factor of 345 and 165.
15
What is the highest common divisor of 387 and 215?
43
Calculate the highest common divisor of 102 and 8534.
34
Calculate the greatest common factor of 164 and 8.
4
Calculate the greatest common factor of 72 and 132.
12
What is the highest common divisor of 1909 and 249?
83
What is the greatest common divisor of 35 and 14?
7
What is the greatest common factor of 20 and 192300?
20
Calculate the highest common divisor of 10 and 1010.
10
Calculate the highest common factor of 144 and 16.
16
Calculate the greatest common divisor of 34 and 629.
17
What is the highest common factor of 304 and 152?
152
Calculate the highest common divisor of 1023 and 93.
93
Calculate the highest common divisor of 84 and 108.
12
What is the greatest common factor of 99 and 144?
9
Calculate the greatest common divisor of 218 and 109.
109
What is the highest common factor of 1475 and 11505?
295
What is the greatest common factor of 589 and 31?
31
What is the highest common factor of 225 and 25?
25
Calculate the highest common divisor of 38 and 3154.
38
Calculate the highest common divisor of 21 and 14.
7
What is the greatest common divisor of 6 and 65?
1
Calculate the greatest common factor of 27 and 4401.
27
What is the greatest common divisor of 102 and 85?
17
What is the greatest common divisor of 1865 and 5?
5
What is the greatest common factor of 80 and 40?
40
What is the highest common factor of 240 and 170?
10
What is the highest common factor of 100 and 1920?
20
Calculate the highest common factor of 3901 and 83.
83
Calculate the highest common divisor of 2040 and 9860.
340
What is the greatest common factor of 22 and 2904?
22
What is the greatest common factor of 275 and 850?
25
What is the greatest common factor of 1140 and 53010?
570
What is the greatest common divisor of 495 and 90?
45
Calculate the greatest common factor of 28 and 5012.
28
Calculate the highest common factor of 95 and 19.
19
Calculate the highest common divisor of 28 and 4060.
28
Calculate the greatest common divisor of 3248 and 112.
112
What is the greatest common divisor of 39 and 221?
13
Calculate the greatest common divisor of 171 and 608.
19
Calculate the highest common divisor of 84 and 876.
12
Calculate the greatest common divisor of 64 and 4288.
64
Calculate the greatest common divisor of 117368 and 136.
136
What is the highest common divisor of 4454 and 102?
34
Calculate the greatest common factor of 768 and 12.
12
What is the highest common factor of 6283 and 305?
61
Calculate the greatest common divisor of 10353 and 63.
21
What is the highest common factor of 274 and 137?
137
What is the highest common factor of 8802 and 54?
54
Calculate the greatest common factor of 186 and 2046.
186
Calculate the highest common factor of 493 and 17.
17
Calculate the highest common factor of 420 and 21.
21
Calculate the highest common factor of 153 and 17.
17
What is the greatest common factor of 9 and 1467?
9
What is the greatest common divisor of 1206 and 18?
18
Calculate the greatest common factor of 145 and 58.
29
What is the greatest common divisor of 861 and 126?
21
Calculate the highest common factor of 24 and 136.
8
What is the highest common factor of 53456 and 208?
208
Calculate the greatest common divisor of 9088 and 284.
284
Calculate the highest common factor of 697 a